

{"id":1581,"date":"2025-05-20T11:10:17","date_gmt":"2025-05-20T09:10:17","guid":{"rendered":"https:\/\/cindyfashion-coiffure-afro.fr\/formation-coiffure-afro\/?page_id=1581"},"modified":"2025-05-22T08:59:45","modified_gmt":"2025-05-22T06:59:45","slug":"votre-expert","status":"publish","type":"page","link":"https:\/\/cindyfashion-coiffure-afro.fr\/formation-coiffure-afro\/votre-expert\/","title":{"rendered":"Votre Expert"},"content":{"rendered":"\t\t<div data-elementor-type=\"wp-page\" data-elementor-id=\"1581\" class=\"elementor elementor-1581\" data-elementor-post-type=\"page\">\n\t\t\t\t<div class=\"elementor-element elementor-element-9209800 e-flex e-con-boxed e-con e-parent\" data-id=\"9209800\" data-element_type=\"container\" data-e-type=\"container\">\n\t\t\t\t\t<div class=\"e-con-inner\">\n\t\t\t\t<div class=\"elementor-element elementor-element-44078f6 elementor-widget elementor-widget-image\" data-id=\"44078f6\" data-element_type=\"widget\" data-e-type=\"widget\" data-widget_type=\"image.default\">\n\t\t\t\t<div class=\"elementor-widget-container\">\n\t\t\t\t\t\t\t\t\t\t\t\t\t\t\t<img fetchpriority=\"high\" decoding=\"async\" width=\"540\" height=\"810\" src=\"https:\/\/cindyfashion-coiffure-afro.fr\/formation-coiffure-afro\/wp-content\/uploads\/2025\/05\/Merline1-540x810-1.jpg\" class=\"attachment-large size-large wp-image-1565\" alt=\"\" srcset=\"https:\/\/cindyfashion-coiffure-afro.fr\/formation-coiffure-afro\/wp-content\/uploads\/2025\/05\/Merline1-540x810-1.jpg 540w, https:\/\/cindyfashion-coiffure-afro.fr\/formation-coiffure-afro\/wp-content\/uploads\/2025\/05\/Merline1-540x810-1-200x300.jpg 200w\" sizes=\"(max-width: 540px) 100vw, 540px\" \/>\t\t\t\t\t\t\t\t\t\t\t\t\t\t\t<\/div>\n\t\t\t\t<\/div>\n\t\t\t\t<div class=\"elementor-element elementor-element-e0b9bfe elementor-widget elementor-widget-text-editor\" data-id=\"e0b9bfe\" data-element_type=\"widget\" data-e-type=\"widget\" data-widget_type=\"text-editor.default\">\n\t\t\t\t<div class=\"elementor-widget-container\">\n\t\t\t\t\t\t\t\t\t<p class=\"\" data-start=\"0\" data-end=\"21\"><strong data-start=\"0\" data-end=\"19\">Merline DJOUNZO &#8211; votre Expert&#8230;<\/strong><\/p>\n<p class=\"\" data-start=\"23\" data-end=\"243\">\u00c0 14 ans, mes cheveux \u00e9taient en d\u00e9tresse : cassants, ternes, incompris. Je subissais moqueries et jugements, sans la moindre id\u00e9e de comment les chouchouter. L\u2019information sur les soins capillaires afro ? Inexistante.<\/p>\n<p class=\"\" data-start=\"245\" data-end=\"594\">Pourtant, c\u2019est dans la difficult\u00e9 que na\u00eet la force : j\u2019ai pris mon destin en main et j\u2019ai install\u00e9 mon comptoir de cosm\u00e9tiques \u00e0 Yaound\u00e9. Juste \u00e0 c\u00f4t\u00e9, Rosie r\u00e8gne sur son salon avec assurance et bonne humeur. Oser lui confier mes cheveux ab\u00eem\u00e9s a tout chang\u00e9 : elle leur a redonn\u00e9 \u00e9clat et souplesse\u2026 et ma confiance est repartie de plus belle.<\/p>\n<p class=\"\" data-start=\"596\" data-end=\"831\">En 2005, arm\u00e9e de cette nouvelle passion, j\u2019arrive \u00e0 Paris. Sans rep\u00e8res, je retrouve Evelyne, une coiffeuse rencontr\u00e9e au Cameroun : pendant deux ans, elle m\u2019initie \u00e0 la coiffure et aux secrets des cheveux cr\u00e9pus, fris\u00e9s et locks\u00e9s.<\/p>\n<p class=\"\" data-start=\"833\" data-end=\"1059\">Ces \u00e9preuves m\u2019ont appris la r\u00e9silience et l\u2019importance de transmettre le savoir. Je refusais que mes gal\u00e8res d\u00e9finissent ma vie : j\u2019ai d\u00e9cid\u00e9 de partager mes apprentissages pour aider toutes celles qui souffrent en silence.<\/p>\n<p class=\"\" data-start=\"1061\" data-end=\"1242\">En 2011, avec mon compagnon Elvis Roberto, nous ouvrons \u00ab CINDY FASHION PARIS \u00bb et le tout nouveau \u00ab CINDY HAIR SHOP \u00bb, deux lieux d\u00e9di\u00e9s \u00e0 l\u2019\u00e9clat et \u00e0 la sant\u00e9 des cheveux afro.<\/p>\n<p class=\"\" data-start=\"1244\" data-end=\"1444\">2023 marque une nouvelle \u00e9tape : je fonde l\u2019association APPCAP pour sensibiliser et \u00e9duquer au soin des cheveux afro, afin que chaque femme puisse se sentir belle, \u00e9panouie et fi\u00e8re de sa chevelure.<\/p>\n<p class=\"\" data-start=\"1446\" data-end=\"1509\">Bienvenue dans mon univers, o\u00f9 la passion rime avec expertise !<\/p>\t\t\t\t\t\t\t\t<\/div>\n\t\t\t\t<\/div>\n\t\t\t\t\t<\/div>\n\t\t\t\t<\/div>\n\t\t<div class=\"elementor-element elementor-element-6328243 e-flex e-con-boxed e-con e-parent\" data-id=\"6328243\" data-element_type=\"container\" data-e-type=\"container\">\n\t\t\t\t\t<div class=\"e-con-inner\">\n\t\t\t\t<div class=\"elementor-element elementor-element-4c0b278 elementor-widget elementor-widget-text-editor\" data-id=\"4c0b278\" data-element_type=\"widget\" data-e-type=\"widget\" data-widget_type=\"text-editor.default\">\n\t\t\t\t<div class=\"elementor-widget-container\">\n\t\t\t\t\t\t\t\t\t<p class=\"\" data-start=\"387\" data-end=\"401\"><strong>Mes missions :<\/strong><\/p>\n<ul data-start=\"403\" data-end=\"648\">\n<li class=\"\" data-start=\"403\" data-end=\"496\">\n<p class=\"\" data-start=\"405\" data-end=\"496\">R\u00e9parer et sublimer les cheveux ab\u00eem\u00e9s de toutes celles qui r\u00eavent d\u2019\u00e9clat et de vitalit\u00e9<\/p>\n<\/li>\n<li class=\"\" data-start=\"497\" data-end=\"648\">\n<p class=\"\" data-start=\"499\" data-end=\"648\">Accompagner les passionn\u00e9s de la coiffure afro et les coachs capillaires vers 10 000 \u20ac mensuels sur les r\u00e9seaux\u2026 sans d\u00e9penser un centime en pubs !<\/p>\n<\/li>\n<\/ul>\n<p class=\"\" data-start=\"0\" data-end=\"87\">Je suis aussi m\u00e8re de quatre tr\u00e9sors, originaire de Bamendjou (Ouest-Cameroun), je suis aujourd\u2019hui :<\/p>\n<ul data-start=\"89\" data-end=\"385\">\n<li class=\"\" data-start=\"89\" data-end=\"143\">\n<p class=\"\" data-start=\"91\" data-end=\"143\">Coach capillaire &amp; styliste experte du cheveu afro<\/p>\n<\/li>\n<li class=\"\" data-start=\"144\" data-end=\"191\">\n<p class=\"\" data-start=\"146\" data-end=\"191\">Coach business pour salons de coiffure afro<\/p>\n<\/li>\n<li class=\"\" data-start=\"192\" data-end=\"220\">\n<p class=\"\" data-start=\"194\" data-end=\"220\">Entrepreneure passionn\u00e9e<\/p>\n<\/li>\n<li class=\"\" data-start=\"221\" data-end=\"295\">\n<p class=\"\" data-start=\"223\" data-end=\"295\">Co-fondatrice de Cindy Fashion Paris et de la boutique Cindy Hair Shop<\/p>\n<\/li>\n<li class=\"\" data-start=\"296\" data-end=\"359\">\n<p class=\"\" data-start=\"298\" data-end=\"359\">Auteure de \u201c\ud835\udc0b\ud835\udc1a \ud835\udc0d\ud835\udc28\ud835\udc2d\ud835\udc22\ud835\udc1c\ud835\udc1e \ud835\udc03\ud835\udc2e \ud835\udc1c\ud835\udc21\ud835\udc1e\ud835\udc2f\ud835\udc1e\ud835\udc2e\ud835\udc31 \ud835\udc00\ud835\udc1f\ud835\udc2b\ud835\udc28\u201d<\/p>\n<\/li>\n<li class=\"\" data-start=\"360\" data-end=\"385\">\n<p class=\"\" data-start=\"362\" data-end=\"385\">Conf\u00e9renci\u00e8re engag\u00e9e<\/p>\n<\/li><li class=\"\" data-start=\"360\" data-end=\"385\"><p class=\"\" data-start=\"362\" data-end=\"385\">Formatrice r\u00e9f\u00e9rente en coifure Afro&nbsp;<\/p><\/li>\n<\/ul>\n<p class=\"\" data-start=\"650\" data-end=\"735\">Rejoignez-moi pour c\u00e9l\u00e9brer la beaut\u00e9 afro et transformer votre expertise en succ\u00e8s !<\/p>\t\t\t\t\t\t\t\t<\/div>\n\t\t\t\t<\/div>\n\t\t\t\t<div class=\"elementor-element elementor-element-edc39a3 elementor-widget__width-initial elementor-widget elementor-widget-image\" data-id=\"edc39a3\" data-element_type=\"widget\" data-e-type=\"widget\" data-widget_type=\"image.default\">\n\t\t\t\t<div class=\"elementor-widget-container\">\n\t\t\t\t\t\t\t\t\t\t\t\t\t\t\t<img decoding=\"async\" width=\"500\" height=\"552\" src=\"https:\/\/cindyfashion-coiffure-afro.fr\/formation-coiffure-afro\/wp-content\/uploads\/2025\/05\/Merline-spy.jpg\" class=\"attachment-large size-large wp-image-1598\" alt=\"\" srcset=\"https:\/\/cindyfashion-coiffure-afro.fr\/formation-coiffure-afro\/wp-content\/uploads\/2025\/05\/Merline-spy.jpg 500w, https:\/\/cindyfashion-coiffure-afro.fr\/formation-coiffure-afro\/wp-content\/uploads\/2025\/05\/Merline-spy-272x300.jpg 272w\" sizes=\"(max-width: 500px) 100vw, 500px\" \/>\t\t\t\t\t\t\t\t\t\t\t\t\t\t\t<\/div>\n\t\t\t\t<\/div>\n\t\t\t\t\t<\/div>\n\t\t\t\t<\/div>\n\t\t\t\t<\/div>\n\t\t","protected":false},"excerpt":{"rendered":"<p>Merline DJOUNZO &#8211; votre Expert&#8230; \u00c0 14 ans, mes cheveux \u00e9taient en d\u00e9tresse : cassants, ternes, incompris. Je subissais moqueries et jugements, sans la moindre id\u00e9e de comment les chouchouter. L\u2019information sur les soins capillaires afro ? Inexistante. Pourtant, c\u2019est dans la difficult\u00e9 que na\u00eet la force : j\u2019ai pris mon destin en main et [&hellip;]<\/p>\n","protected":false},"author":1,"featured_media":0,"parent":0,"menu_order":0,"comment_status":"closed","ping_status":"closed","template":"","meta":{"_acf_changed":false,"inline_featured_image":false,"iawp_total_views":18,"footnotes":""},"class_list":["post-1581","page","type-page","status-publish","hentry"],"acf":[],"_links":{"self":[{"href":"https:\/\/cindyfashion-coiffure-afro.fr\/formation-coiffure-afro\/wp-json\/wp\/v2\/pages\/1581","targetHints":{"allow":["GET"]}}],"collection":[{"href":"https:\/\/cindyfashion-coiffure-afro.fr\/formation-coiffure-afro\/wp-json\/wp\/v2\/pages"}],"about":[{"href":"https:\/\/cindyfashion-coiffure-afro.fr\/formation-coiffure-afro\/wp-json\/wp\/v2\/types\/page"}],"author":[{"embeddable":true,"href":"https:\/\/cindyfashion-coiffure-afro.fr\/formation-coiffure-afro\/wp-json\/wp\/v2\/users\/1"}],"replies":[{"embeddable":true,"href":"https:\/\/cindyfashion-coiffure-afro.fr\/formation-coiffure-afro\/wp-json\/wp\/v2\/comments?post=1581"}],"version-history":[{"count":0,"href":"https:\/\/cindyfashion-coiffure-afro.fr\/formation-coiffure-afro\/wp-json\/wp\/v2\/pages\/1581\/revisions"}],"wp:attachment":[{"href":"https:\/\/cindyfashion-coiffure-afro.fr\/formation-coiffure-afro\/wp-json\/wp\/v2\/media?parent=1581"}],"curies":[{"name":"wp","href":"https:\/\/api.w.org\/{rel}","templated":true}]}}